NOAA-Style Climate Reports


Report for 2024 May

Daily NOAA report



                            MONTHLY CLIMATOLOGICAL SUMMARY for MAY. 2024

NAME: West Hills Weather Server   CITY: West Hills STATE: California
ELEV: 869 ft LAT: 034:14:00 LONG: 0118:38:40

                            TEMPERATURE ( °F), RAIN (in.), WIND SPEED (mph)

                                               HEAT     COOL           AVG
      MEAN                                     DEG      DEG            WIND                       DOM
DAY   TEMP    HIGH   TIME     LOW    TIME      DAYS     DAYS    RAIN   SPEED    HIGH    TIME      DIR
--------------------------------------------------------------------------------------------------------
01    65.3   078.3   14:29    55.6   03:24     00.0     00.4   00.00   03.4     14.9    14:59     NNW
02    63.2   079.5   13:42    48.7   06:12     01.7     00.0   00.00   02.8     12.7    17:16      N 
03    62.9   074.1   14:17    55.9   00:00     02.0     00.0   00.00   02.9     13.8    16:44     WSW
04    59.5   066.6   14:27    54.0   02:08     05.5     00.0   00.00   02.7     13.8    16:42      SW
05    58.4   069.1   16:01    48.9   06:22     06.5     00.0   00.02   03.8     17.3    16:37      N 
06    62.2   078.6   14:11    44.2   06:19     02.7     00.0   00.00   03.3     16.1    13:20     NNW
07    64.1   080.4   13:21    47.7   06:29     00.9     00.0   00.00   02.7     12.7    16:19     NNW
08    63.9   082.4   14:10    47.8   06:23     01.1     00.0   00.00   02.9     16.1    15:01      N 
09    65.3   081.7   16:17    56.5   02:11     00.0     00.4   00.00   03.2     14.9    16:20     ENE
10    65.4   084.2   14:33    55.2   06:58     00.0     00.4   00.00   03.0     13.8    15:54      N 
11    67.3   083.1   12:39    56.8   07:01     00.0     02.4   00.00   03.2     13.8    16:02     NNE
12    66.7   086.4   15:27    57.0   05:50     00.0     01.7   00.00   03.0     13.8    15:59     NNW
13    64.0   077.2   17:43    56.7   02:13     00.9     00.0   00.00   02.8     11.5    11:03      E 
14    63.5   079.2   15:40    56.1   01:18     01.4     00.0   00.00   02.8     11.5    19:29      SW
15    61.5   072.7   14:55    55.8   05:51     03.4     00.0   00.00   02.5     12.7    15:12     SSW
16    63.1   075.0   15:28    57.9   05:42     01.8     00.0   00.00   03.0     12.7    19:43     WSW
17    62.8   075.6   17:04    58.6   07:19     02.2     00.0   00.00   02.8     14.9    17:55     WSW
18    62.7   075.9   15:46    54.3   00:00     02.3     00.0   00.00   03.0     12.7    19:12      W 
19    61.5   075.7   14:33    53.6   00:59     03.5     00.0   00.00   02.7     13.8    14:39      SW
20    58.8   068.7   14:28    51.4   03:00     06.2     00.0   00.00   02.7     14.9    17:47      W 
--------------------------------------------------------------------------------------------------------
63.1 (65.4)   86.4  day 12     44.2  day 06   042.0    005.3   00.02   03.0     17.3   day 05      NW
Max >  86: 1
Min <  86: 20
Max Rain: 0.02 ON 5-05-24
Days of Rain: 1 (> .008in) 0 (> .08in) 0 (> 0.8in)